{"id":42,"date":"2015-02-24T20:15:08","date_gmt":"2015-02-24T19:15:08","guid":{"rendered":"http:\/\/192.168.100.3\/lbs\/?page_id=42"},"modified":"2015-02-26T14:47:17","modified_gmt":"2015-02-26T13:47:17","slug":"2014-2","status":"publish","type":"page","link":"http:\/\/liescher-buehnenspass.de\/?page_id=42","title":{"rendered":"2014 Das Liescher Patent!"},"content":{"rendered":"<p><b><a href=\"http:\/\/rabo.ath.cx\/lbs\/wp-content\/uploads\/2015\/02\/Plakat2014.jpg\"><img loading=\"lazy\" decoding=\"async\" class=\"  wp-image-40 alignleft\" src=\"http:\/\/rabo.ath.cx\/lbs\/wp-content\/uploads\/2015\/02\/Plakat2014.jpg\" alt=\"Plakat2014\" width=\"202\" height=\"285\" srcset=\"http:\/\/liescher-buehnenspass.de\/wp-content\/uploads\/2015\/02\/Plakat2014.jpg 560w, http:\/\/liescher-buehnenspass.de\/wp-content\/uploads\/2015\/02\/Plakat2014-212x300.jpg 212w\" sizes=\"auto, (max-width: 202px) 100vw, 202px\" \/><\/a>Der Liescher B\u00fchnenspass spielt dieses Jahr unter der Regie von Wilfried Jansen das St\u00fcck:<\/b><\/p>\n<p><b> Das Liescher Patent !<\/b><\/p>\n<p style=\"text-align: justify;\">Das St\u00fcck ist von <strong>Toni Feller.<\/strong><\/p>\n<p style=\"text-align: justify;\">Es handelt sich dabei um einen ortsans\u00e4ssigen Zahnarzt mit einer tollen Erfindung die ihn nicht nur bei den Patienten interessant macht.<\/p>\n<p style=\"text-align: justify;\">Hier kommt schnell die Konkurrenz auf den Plan und beauftragt einen Detektiven um das Geheimnis zu l\u00fcften.<\/p>\n<p style=\"text-align: justify;\">Ebenso sind ausl\u00e4ndische \u00c4rzte an der gro\u00dfen Erfindung interessiert und man weiss nie was als N\u00e4chstes passiert.<\/p>\n<p style=\"text-align: justify;\">Es gibt allerlei Verwirrung und die 13 Schauspieler des Liescher B\u00fchnenspasses sind seit einigen Wochen flei\u00dfig beim Proben.<\/p>\n","protected":false},"excerpt":{"rendered":"<p>Der Liescher B\u00fchnenspass spielt dieses Jahr unter der Regie von Wilfried Jansen das St\u00fcck: Das<\/p>\n","protected":false},"author":1,"featured_media":0,"parent":46,"menu_order":0,"comment_status":"closed","ping_status":"closed","template":"","meta":{"ngg_post_thumbnail":0,"footnotes":""},"class_list":["post-42","page","type-page","status-publish","hentry"],"_links":{"self":[{"href":"http:\/\/liescher-buehnenspass.de\/index.php?rest_route=\/wp\/v2\/pages\/42","targetHints":{"allow":["GET"]}}],"collection":[{"href":"http:\/\/liescher-buehnenspass.de\/index.php?rest_route=\/wp\/v2\/pages"}],"about":[{"href":"http:\/\/liescher-buehnenspass.de\/index.php?rest_route=\/wp\/v2\/types\/page"}],"author":[{"embeddable":true,"href":"http:\/\/liescher-buehnenspass.de\/index.php?rest_route=\/wp\/v2\/users\/1"}],"replies":[{"embeddable":true,"href":"http:\/\/liescher-buehnenspass.de\/index.php?rest_route=%2Fwp%2Fv2%2Fcomments&post=42"}],"version-history":[{"count":7,"href":"http:\/\/liescher-buehnenspass.de\/index.php?rest_route=\/wp\/v2\/pages\/42\/revisions"}],"predecessor-version":[{"id":504,"href":"http:\/\/liescher-buehnenspass.de\/index.php?rest_route=\/wp\/v2\/pages\/42\/revisions\/504"}],"up":[{"embeddable":true,"href":"http:\/\/liescher-buehnenspass.de\/index.php?rest_route=\/wp\/v2\/pages\/46"}],"wp:attachment":[{"href":"http:\/\/liescher-buehnenspass.de\/index.php?rest_route=%2Fwp%2Fv2%2Fmedia&parent=42"}],"curies":[{"name":"wp","href":"https:\/\/api.w.org\/{rel}","templated":true}]}}