{"id":390,"date":"2015-02-25T10:32:08","date_gmt":"2015-02-25T09:32:08","guid":{"rendered":"http:\/\/192.168.100.3\/lbs\/?page_id=390"},"modified":"2015-02-26T14:34:57","modified_gmt":"2015-02-26T13:34:57","slug":"der-regisseur","status":"publish","type":"page","link":"http:\/\/liescher-buehnenspass.de\/?page_id=390","title":{"rendered":"Der Regisseur"},"content":{"rendered":"<p style=\"text-align: justify;\"><b><i><a href=\"http:\/\/rabo.ath.cx\/lbs\/wp-content\/uploads\/2015\/02\/JansenWilfried.jpg\"><img loading=\"lazy\" decoding=\"async\" class=\"  wp-image-392 alignleft\" src=\"http:\/\/rabo.ath.cx\/lbs\/wp-content\/uploads\/2015\/02\/JansenWilfried.jpg\" alt=\"JansenWilfried\" width=\"340\" height=\"226\" srcset=\"http:\/\/liescher-buehnenspass.de\/wp-content\/uploads\/2015\/02\/JansenWilfried.jpg 640w, http:\/\/liescher-buehnenspass.de\/wp-content\/uploads\/2015\/02\/JansenWilfried-300x200.jpg 300w\" sizes=\"auto, (max-width: 340px) 100vw, 340px\" \/><\/a>Hallo,<\/i><\/b><br \/>\nmein Name ist Wilfried Jansen, und ich f\u00fchre die Regie bei unserer Truppe. Da Theater schon immer zu meinen Hobbys geh\u00f6rte und auch in meinem Germanistikstudium einen Schwerpunkt bildete, war es fast schon logisch, dass ich nach meinem Studium 1996 die Regie bei einer Laienb\u00fchne \u00fcbernahm. Meine erste Station war der Theaterverein Rocherath in Ostbelgien, wo ich bei elf Auff\u00fchrungen die Regie f\u00fchrte. Nach verschiedenen beruflichen Stationen landete ich schlie\u00dflich als Deutschlehrer in Luxemburg, weshalb meine Frau und ich dann auch nach Wasserliesch zogen. Von nun an war der Weg nach Belgien f\u00fcr die Proben nat\u00fcrlich sehr weit, aber zum Gl\u00fcck war unsere Vorsitzende Petra Breser gerade dabei, eine Theatergruppe in Wasserliesch auf die Beine zu stellen. Das Jobangebot unserer Pr\u00e4sidentin nahm ich dann auch gerne an und bin nun froh, bei dieser tollen Gruppe mitmachen zu d\u00fcrfen!<\/p>\n<hr \/>\n<p>&nbsp;<\/p>\n","protected":false},"excerpt":{"rendered":"<p>Hallo, mein Name ist Wilfried Jansen, und ich f\u00fchre die Regie bei unserer Truppe. Da<\/p>\n","protected":false},"author":1,"featured_media":0,"parent":0,"menu_order":0,"comment_status":"closed","ping_status":"closed","template":"template-without-title.php","meta":{"ngg_post_thumbnail":0,"footnotes":""},"class_list":["post-390","page","type-page","status-publish","hentry"],"_links":{"self":[{"href":"http:\/\/liescher-buehnenspass.de\/index.php?rest_route=\/wp\/v2\/pages\/390","targetHints":{"allow":["GET"]}}],"collection":[{"href":"http:\/\/liescher-buehnenspass.de\/index.php?rest_route=\/wp\/v2\/pages"}],"about":[{"href":"http:\/\/liescher-buehnenspass.de\/index.php?rest_route=\/wp\/v2\/types\/page"}],"author":[{"embeddable":true,"href":"http:\/\/liescher-buehnenspass.de\/index.php?rest_route=\/wp\/v2\/users\/1"}],"replies":[{"embeddable":true,"href":"http:\/\/liescher-buehnenspass.de\/index.php?rest_route=%2Fwp%2Fv2%2Fcomments&post=390"}],"version-history":[{"count":4,"href":"http:\/\/liescher-buehnenspass.de\/index.php?rest_route=\/wp\/v2\/pages\/390\/revisions"}],"predecessor-version":[{"id":497,"href":"http:\/\/liescher-buehnenspass.de\/index.php?rest_route=\/wp\/v2\/pages\/390\/revisions\/497"}],"wp:attachment":[{"href":"http:\/\/liescher-buehnenspass.de\/index.php?rest_route=%2Fwp%2Fv2%2Fmedia&parent=390"}],"curies":[{"name":"wp","href":"https:\/\/api.w.org\/{rel}","templated":true}]}}

<p style="text-align: justify;"><b><i><a href="http://rabo.ath.cx/lbs/wp-content/uploads/2015/02/JansenWilfried.jpg"><img loading="lazy" decoding="async" class="  wp-image-392 alignleft" src="http://rabo.ath.cx/lbs/wp-content/uploads/2015/02/JansenWilfried.jpg" alt="JansenWilfried" width="340" height="226" srcset="http://liescher-buehnenspass.de/wp-content/uploads/2015/02/JansenWilfried.jpg 640w, http://liescher-buehnenspass.de/wp-content/uploads/2015/02/JansenWilfried-300x200.jpg 300w" sizes="auto, (max-width: 340px) 100vw, 340px" /></a>Hallo,</i></b><br />
mein Name ist Wilfried Jansen, und ich führe die Regie bei unserer Truppe. Da Theater schon immer zu meinen Hobbys gehörte und auch in meinem Germanistikstudium einen Schwerpunkt bildete, war es fast schon logisch, dass ich nach meinem Studium 1996 die Regie bei einer Laienbühne übernahm. Meine erste Station war der Theaterverein Rocherath in Ostbelgien, wo ich bei elf Aufführungen die Regie führte. Nach verschiedenen beruflichen Stationen landete ich schließlich als Deutschlehrer in Luxemburg, weshalb meine Frau und ich dann auch nach Wasserliesch zogen. Von nun an war der Weg nach Belgien für die Proben natürlich sehr weit, aber zum Glück war unsere Vorsitzende Petra Breser gerade dabei, eine Theatergruppe in Wasserliesch auf die Beine zu stellen. Das Jobangebot unserer Präsidentin nahm ich dann auch gerne an und bin nun froh, bei dieser tollen Gruppe mitmachen zu dürfen!</p>
<hr />
<p>&nbsp;</p>

<p>Hallo, mein Name ist Wilfried Jansen, und ich führe die Regie bei unserer Truppe. Da</p>
