{"id":31,"date":"2015-02-24T10:19:33","date_gmt":"2015-02-24T09:19:33","guid":{"rendered":"http:\/\/192.168.100.3\/lbs\/?page_id=31"},"modified":"2019-03-27T22:12:59","modified_gmt":"2019-03-27T21:12:59","slug":"geschichte","status":"publish","type":"page","link":"http:\/\/liescher-buehnenspass.de\/?page_id=31","title":{"rendered":"Der Verein"},"content":{"rendered":"<p style=\"text-align: justify;\"><a href=\"http:\/\/rabo.ath.cx\/lbs\/wp-content\/uploads\/2015\/02\/BreserPetra.jpg\"><img loading=\"lazy\" decoding=\"async\" width=\"302\" height=\"235\" class=\" wp-image-16 alignleft\" alt=\"\" src=\"http:\/\/liescher-buehnenspass.de\/wp-content\/uploads\/2015\/02\/BreserPetra.jpg\" srcset=\"http:\/\/liescher-buehnenspass.de\/wp-content\/uploads\/2015\/02\/BreserPetra.jpg 480w, http:\/\/liescher-buehnenspass.de\/wp-content\/uploads\/2015\/02\/BreserPetra-300x233.jpg 300w\" sizes=\"auto, (max-width: 302px) 100vw, 302px\" \/><\/a>Nach einer erfolgreichen Karneval-Session 2009 des Lauftreffs-M\u00e4nnerballetts fragten Gereon und Christian mich wieder mal, ob wir kein Theater spielen k\u00f6nnten. Das hatten sie schon Jahre zuvor getan, nur nahm keiner es in die Hand.Also habe ich angefangen, mal zu recherchieren und nachzufragen. Der KCW hatte ja vor ca. 30 Jahren eine Theatergruppe bzw. ist der KCW aus dieser entstanden.Ich traf mich mit Hubert Ludwig, dem damaligen Oberhaupt der Truppe, und fragte nach Schauspielern und Aktiven. Er wollte auf jeden Fall keineswegs wieder aktiv werden, bot mir aber seine Hilfe an. Er hatte sogar noch St\u00fccke aus eigener Feder an der Hand.<\/p>\n<p style=\"text-align: justify;\">Da auch die anderen kein Interesse mehr zeigten, fing ich an, mich nach einem Ensemble umzuschauen. Das hatte ich nach sehr kurzer Zeit zusammen, weil Wasserliesch ein lustiges V\u00f6lkchen hat. Viele kamen nat\u00fcrlich aus meinem n\u00e4heren Bekanntenkreis, und die wiederum wussten um den und um den &#8230; So hatten wir schnell eine spielhungrige Meute zusammen.Durch meine Kontakte konnte ich dann auch Wilfried Jansen als Regisseur \u00fcberreden, in seinem neuen Heimatort etwas aktiv zu werden. Er hat jahrelang in Belgien an der deutschen Grenze, wo er herstammt, erfolgreich Regie gef\u00fchrt. Er suchte dann mit mir zusammen ein St\u00fcck, aus von dem wir der \u00dcberzeugung waren, es k\u00f6nnte auf Wasserliesch passen. Eingehende Gespr\u00e4che mit unserem B\u00fcrgermeister folgten. Es gab viel zu tun: Da wir leider nicht \u00fcber ein B\u00fcrgerhaus verf\u00fcgen, mussten wir uns mit verschiedenen Vereinen \u00fcber die Nutzung der kleinen Turnhalle einig werden. Ebenfalls musste ein Verein gegr\u00fcndet werden, mit allem Drum und Dran. Das alles passierte bis zum Herbst 2009. Nun legten wir im Fr\u00fchling 2010 die Spieltermine nach Absprache mit der Gemeinde fest und konnten in die aktive Phase \u00fcbergehen.<\/p>\n<p style=\"text-align: justify;\">Jeder bekam ein Skript mit dem St\u00fcck, und so konnten wir uns bis zum Sommer mit der jeweiligen Rolle bekannt und vertraut machen. Dann, nach den Sommerferien, ging es mit den ersten Lese\u00fcbungen und Proben los. Die gr\u00f6\u00dfte Herausforderung war der B\u00fchnenaufbau im Oktober. Da wir ja noch keinerlei Erfahrung hatten und auch kein Geld, machten wir uns nat\u00fcrlich auch auf Mitgliedersuche. Jedes Ensemblemitglied gab einen Vorschuss f\u00fcr die ersten Anschaffungen. Vorh\u00e4nge, Beleuchtung usw. usf. mussten ja her. Ebenfalls brauchten wir Unterst\u00fctzung f\u00fcr die Tontechnik, Maske, Friseur, K\u00fcchenteam und alles, was dazu geh\u00f6rt. Das hat wunderbar funktioniert, und ich war total \u00fcberrascht \u00fcber die Hilfsbereitschaft und Unterst\u00fctzung, die man uns anbot. Wasserliesch war gespannt! Wir hatten drei Spieltermine angesetzt und waren gespannt auf die Resonanz. Nach guter Werbung und gro\ufb02em Interesse gingen die Karten relativ schnell weg. Nun war es endlich soweit. Der Vorhang ging auf, und \u201eDie Rockerbraut\u201c wurde gespielt.<\/p>\n<p style=\"text-align: justify;\">Es war grandios, und ich h\u00e4tte mir als Vorsitzende sicherlich nicht so viele Gedanken machen m\u00fcssen. Aber man wei\ufb02 ja nie, was alles so passiert. Drei ausverkaufte Vorstellungen und Nachfrage nach mehr war doch genau das richtige, was der Ort wollte. Nach dem Abbau waren aber alle platt. Es steckt doch sehr viel Arbeit und Freizeit dahinter. Und so entschieden wir uns dann f\u00fcr einen Zwei-Jahres-Rhythmus und pr\u00e4sentierten im spielfreien Jahr f\u00fcr die Liescher ein Kabarett. 2016 ist wieder Spieljahr, und es ist schon alles soweit in die Wege geleitet. Wir freuen uns schon sehr, wenn es wieder hei\u00dft: Der Liescher B\u00fchnenspa\u00df pr\u00e4sentiert: \u201e&#8230;&#8230;&#8230;.\u201c.<i>Petra Breser (Vorsitzende)<\/i><\/p>\n","protected":false},"excerpt":{"rendered":"<p>Nach einer erfolgreichen Karneval-Session 2009 des Lauftreffs-M\u00e4nnerballetts fragten Gereon und Christian mich wieder mal, ob<\/p>\n","protected":false},"author":1,"featured_media":0,"parent":0,"menu_order":0,"comment_status":"closed","ping_status":"closed","template":"","meta":{"ngg_post_thumbnail":0,"footnotes":""},"class_list":["post-31","page","type-page","status-publish","hentry"],"_links":{"self":[{"href":"http:\/\/liescher-buehnenspass.de\/index.php?rest_route=\/wp\/v2\/pages\/31","targetHints":{"allow":["GET"]}}],"collection":[{"href":"http:\/\/liescher-buehnenspass.de\/index.php?rest_route=\/wp\/v2\/pages"}],"about":[{"href":"http:\/\/liescher-buehnenspass.de\/index.php?rest_route=\/wp\/v2\/types\/page"}],"author":[{"embeddable":true,"href":"http:\/\/liescher-buehnenspass.de\/index.php?rest_route=\/wp\/v2\/users\/1"}],"replies":[{"embeddable":true,"href":"http:\/\/liescher-buehnenspass.de\/index.php?rest_route=%2Fwp%2Fv2%2Fcomments&post=31"}],"version-history":[{"count":9,"href":"http:\/\/liescher-buehnenspass.de\/index.php?rest_route=\/wp\/v2\/pages\/31\/revisions"}],"predecessor-version":[{"id":971,"href":"http:\/\/liescher-buehnenspass.de\/index.php?rest_route=\/wp\/v2\/pages\/31\/revisions\/971"}],"wp:attachment":[{"href":"http:\/\/liescher-buehnenspass.de\/index.php?rest_route=%2Fwp%2Fv2%2Fmedia&parent=31"}],"curies":[{"name":"wp","href":"https:\/\/api.w.org\/{rel}","templated":true}]}}

<p style="text-align: justify;"><a href="http://rabo.ath.cx/lbs/wp-content/uploads/2015/02/BreserPetra.jpg"><img loading="lazy" decoding="async" width="302" height="235" class=" wp-image-16 alignleft" alt="" src="http://liescher-buehnenspass.de/wp-content/uploads/2015/02/BreserPetra.jpg" srcset="http://liescher-buehnenspass.de/wp-content/uploads/2015/02/BreserPetra.jpg 480w, http://liescher-buehnenspass.de/wp-content/uploads/2015/02/BreserPetra-300x233.jpg 300w" sizes="auto, (max-width: 302px) 100vw, 302px" /></a>Nach einer erfolgreichen Karneval-Session 2009 des Lauftreffs-Männerballetts fragten Gereon und Christian mich wieder mal, ob wir kein Theater spielen könnten. Das hatten sie schon Jahre zuvor getan, nur nahm keiner es in die Hand.Also habe ich angefangen, mal zu recherchieren und nachzufragen. Der KCW hatte ja vor ca. 30 Jahren eine Theatergruppe bzw. ist der KCW aus dieser entstanden.Ich traf mich mit Hubert Ludwig, dem damaligen Oberhaupt der Truppe, und fragte nach Schauspielern und Aktiven. Er wollte auf jeden Fall keineswegs wieder aktiv werden, bot mir aber seine Hilfe an. Er hatte sogar noch Stücke aus eigener Feder an der Hand.</p>
<p style="text-align: justify;">Da auch die anderen kein Interesse mehr zeigten, fing ich an, mich nach einem Ensemble umzuschauen. Das hatte ich nach sehr kurzer Zeit zusammen, weil Wasserliesch ein lustiges Völkchen hat. Viele kamen natürlich aus meinem näheren Bekanntenkreis, und die wiederum wussten um den und um den &#8230; So hatten wir schnell eine spielhungrige Meute zusammen.Durch meine Kontakte konnte ich dann auch Wilfried Jansen als Regisseur überreden, in seinem neuen Heimatort etwas aktiv zu werden. Er hat jahrelang in Belgien an der deutschen Grenze, wo er herstammt, erfolgreich Regie geführt. Er suchte dann mit mir zusammen ein Stück, aus von dem wir der Überzeugung waren, es könnte auf Wasserliesch passen. Eingehende Gespräche mit unserem Bürgermeister folgten. Es gab viel zu tun: Da wir leider nicht über ein Bürgerhaus verfügen, mussten wir uns mit verschiedenen Vereinen über die Nutzung der kleinen Turnhalle einig werden. Ebenfalls musste ein Verein gegründet werden, mit allem Drum und Dran. Das alles passierte bis zum Herbst 2009. Nun legten wir im Frühling 2010 die Spieltermine nach Absprache mit der Gemeinde fest und konnten in die aktive Phase übergehen.</p>
<p style="text-align: justify;">Jeder bekam ein Skript mit dem Stück, und so konnten wir uns bis zum Sommer mit der jeweiligen Rolle bekannt und vertraut machen. Dann, nach den Sommerferien, ging es mit den ersten Leseübungen und Proben los. Die größte Herausforderung war der Bühnenaufbau im Oktober. Da wir ja noch keinerlei Erfahrung hatten und auch kein Geld, machten wir uns natürlich auch auf Mitgliedersuche. Jedes Ensemblemitglied gab einen Vorschuss für die ersten Anschaffungen. Vorhänge, Beleuchtung usw. usf. mussten ja her. Ebenfalls brauchten wir Unterstützung für die Tontechnik, Maske, Friseur, Küchenteam und alles, was dazu gehört. Das hat wunderbar funktioniert, und ich war total überrascht über die Hilfsbereitschaft und Unterstützung, die man uns anbot. Wasserliesch war gespannt! Wir hatten drei Spieltermine angesetzt und waren gespannt auf die Resonanz. Nach guter Werbung und groﬂem Interesse gingen die Karten relativ schnell weg. Nun war es endlich soweit. Der Vorhang ging auf, und „Die Rockerbraut“ wurde gespielt.</p>
<p style="text-align: justify;">Es war grandios, und ich hätte mir als Vorsitzende sicherlich nicht so viele Gedanken machen müssen. Aber man weiﬂ ja nie, was alles so passiert. Drei ausverkaufte Vorstellungen und Nachfrage nach mehr war doch genau das richtige, was der Ort wollte. Nach dem Abbau waren aber alle platt. Es steckt doch sehr viel Arbeit und Freizeit dahinter. Und so entschieden wir uns dann für einen Zwei-Jahres-Rhythmus und präsentierten im spielfreien Jahr für die Liescher ein Kabarett. 2016 ist wieder Spieljahr, und es ist schon alles soweit in die Wege geleitet. Wir freuen uns schon sehr, wenn es wieder heißt: Der Liescher Bühnenspaß präsentiert: „&#8230;&#8230;&#8230;.“.<i>Petra Breser (Vorsitzende)</i></p>

<p>Nach einer erfolgreichen Karneval-Session 2009 des Lauftreffs-Männerballetts fragten Gereon und Christian mich wieder mal, ob</p>
